{"id":17,"date":"2019-12-29T09:24:29","date_gmt":"2019-12-29T07:24:29","guid":{"rendered":"http:\/\/www.3djaakola.fi\/?page_id=17"},"modified":"2025-03-03T12:22:18","modified_gmt":"2025-03-03T10:22:18","slug":"etu","status":"publish","type":"page","link":"https:\/\/www.3djaakola.fi\/","title":{"rendered":"Etu"},"content":{"rendered":"<p>[et_pb_section fb_built=&#8221;1&#8243; fullwidth=&#8221;on&#8221; _builder_version=&#8221;4.16&#8243; global_colors_info=&#8221;{}&#8221;][et_pb_nextend_smart_slider_3_fullwidth slider=&#8221;4&#8243; _builder_version=&#8221;4.19.1&#8243; global_colors_info=&#8221;{}&#8221;][\/et_pb_nextend_smart_slider_3_fullwidth][\/et_pb_section][et_pb_section fb_built=&#8221;1&#8243; module_id=&#8221;3djaakola&#8221; _builder_version=&#8221;4.16&#8243; background_enable_color=&#8221;off&#8221; global_colors_info=&#8221;{}&#8221;][et_pb_row column_structure=&#8221;2_5,3_5&#8243; _builder_version=&#8221;4.27.4&#8243; _module_preset=&#8221;default&#8221; width=&#8221;100%&#8221; custom_margin=&#8221;0px||||false|false&#8221; custom_margin_tablet=&#8221;0px||||false|false&#8221; custom_margin_phone=&#8221;0px||||false|false&#8221; custom_margin_last_edited=&#8221;on|phone&#8221; custom_padding=&#8221;0px|10px||10px|false|false&#8221; hover_enabled=&#8221;0&#8243; global_colors_info=&#8221;{}&#8221; sticky_enabled=&#8221;0&#8243;][et_pb_column type=&#8221;2_5&#8243; _builder_version=&#8221;4.27.4&#8243; _module_preset=&#8221;default&#8221; global_colors_info=&#8221;{}&#8221;][et_pb_text _builder_version=&#8221;4.16&#8243; _module_preset=&#8221;default&#8221; header_font=&#8221;|700||on|||||&#8221; header_text_color=&#8221;#b51f29&#8243; global_colors_info=&#8221;{}&#8221;]<\/p>\n<h1>3D-SUUNNITTELU JAAKOLA<\/h1>\n<p>[\/et_pb_text][et_pb_text _builder_version=&#8221;4.16&#8243; _module_preset=&#8221;default&#8221; header_font=&#8221;|700||on|||||&#8221; header_text_color=&#8221;#b51f29&#8243; header_4_line_height=&#8221;1.5em&#8221; module_alignment=&#8221;center&#8221; custom_padding=&#8221;||0px|||&#8221; global_colors_info=&#8221;{}&#8221;]<\/p>\n<h4>Joustavaa 3D-suunnittelupalvelua sek\u00e4 tuotteen ja tuotannon kehityspalveluja pitk\u00e4ll\u00e4 ja monipuolisella kokemuksella.<\/h4>\n<p>&nbsp;<\/p>\n<p><strong>Tyypillisi\u00e4 t\u00f6it\u00e4<\/strong> ovat esim. tuotekehitys, protot, erilaiset muotit, ty\u00f6v\u00e4lineet ja tuotannon jigit<\/p>\n<p>K\u00e4yt\u00f6ss\u00e4 on <strong>Power Shape Premium <\/strong>-3D-ohjelmisto, jolla on mahdollista k\u00e4sitell\u00e4 my\u00f6s kaksoiskaarevia muotoja ja hankalia geometrioita. Tyypillisesti geometrioita on siirretty STP-formaatissa, mutta my\u00f6s muita on mahdollista k\u00e4ytt\u00e4\u00e4.<\/p>\n<p>Ohjelmisto on tehokkaassa kannettavassa ja siten on mahdollista ty\u00f6skennell\u00e4 my\u00f6s asiakkaan luona. Suunnittelu voi tapahtua my\u00f6s osana asiakkaan suunnittelutiimi\u00e4 ja tiimijohdon alaisuudessa.<\/p>\n<p>[\/et_pb_text][\/et_pb_column][et_pb_column type=&#8221;3_5&#8243; _builder_version=&#8221;4.16&#8243; _module_preset=&#8221;default&#8221; global_colors_info=&#8221;{}&#8221;][et_pb_nextend_smart_slider_3 slider=&#8221;5&#8243; _builder_version=&#8221;4.6.0&#8243; _module_preset=&#8221;default&#8221; global_colors_info=&#8221;{}&#8221;][\/et_pb_nextend_smart_slider_3][\/et_pb_column][\/et_pb_row][\/et_pb_section][et_pb_section fb_built=&#8221;1&#8243; module_id=&#8221;palvelut&#8221; _builder_version=&#8221;4.16&#8243; _module_preset=&#8221;default&#8221; background_color=&#8221;#f7f7f7&#8243; global_colors_info=&#8221;{}&#8221;][et_pb_row _builder_version=&#8221;4.16&#8243; _module_preset=&#8221;default&#8221; global_colors_info=&#8221;{}&#8221;][et_pb_column type=&#8221;4_4&#8243; _builder_version=&#8221;4.16&#8243; _module_preset=&#8221;default&#8221; global_colors_info=&#8221;{}&#8221;][et_pb_text _builder_version=&#8221;4.16&#8243; _module_preset=&#8221;default&#8221; header_font=&#8221;|700||on|||||&#8221; header_text_align=&#8221;left&#8221; header_text_color=&#8221;#b51f29&#8243; header_font_size=&#8221;26px&#8221; global_colors_info=&#8221;{}&#8221;]<\/p>\n<h1>Palvelumme<\/h1>\n<p>[\/et_pb_text][et_pb_divider color=&#8221;#c1c1c1&#8243; divider_weight=&#8221;6px&#8221; _builder_version=&#8221;4.16&#8243; _module_preset=&#8221;default&#8221; module_alignment=&#8221;center&#8221; global_colors_info=&#8221;{}&#8221;][\/et_pb_divider][\/et_pb_column][\/et_pb_row][et_pb_row column_structure=&#8221;1_2,1_2&#8243; _builder_version=&#8221;4.16&#8243; _module_preset=&#8221;default&#8221; global_colors_info=&#8221;{}&#8221;][et_pb_column type=&#8221;1_2&#8243; _builder_version=&#8221;4.16&#8243; _module_preset=&#8221;default&#8221; global_colors_info=&#8221;{}&#8221;][et_pb_text _builder_version=&#8221;4.16&#8243; _module_preset=&#8221;default&#8221; text_font_size=&#8221;15px&#8221; header_4_font_size=&#8221;20px&#8221; header_4_line_height=&#8221;1.5em&#8221; global_colors_info=&#8221;{}&#8221;]<\/p>\n<h4>Suunnittelupalvelut:<\/h4>\n<ul>\n<li>muottisuunnittelu<\/li>\n<li>alipaine- \/ l\u00e4mp\u00f6muovaus<\/li>\n<li>puhallusmuotit (PET \/ juomapullot)<\/li>\n<li>RIM-muotit, my\u00f6s keng\u00e4nvalmistusmuotit ja lestit<\/li>\n<li>erilaiset puristus- \/ laminointimuotit<\/li>\n<li>syv\u00e4vetomuotit<\/li>\n<li>valumuotit, valumallit, keernat \/ keernalaatikot<\/li>\n<li>Replicast -tarkkuusvalumuotit<\/li>\n<li>SMC-menetelm\u00e4n muotit<\/li>\n<\/ul>\n<p>[\/et_pb_text][et_pb_image src=&#8221;https:\/\/www.3djaakola.fi\/wp-content\/uploads\/2020\/09\/3d_jaakola_sitelogo-300&#215;82.png&#8221; title_text=&#8221;3d_jaakola_sitelogo&#8221; disabled_on=&#8221;on|on|off&#8221; _builder_version=&#8221;4.16&#8243; _module_preset=&#8221;default&#8221; module_alignment=&#8221;left&#8221; global_colors_info=&#8221;{}&#8221;][\/et_pb_image][\/et_pb_column][et_pb_column type=&#8221;1_2&#8243; _builder_version=&#8221;4.16&#8243; _module_preset=&#8221;default&#8221; global_colors_info=&#8221;{}&#8221;][et_pb_text _builder_version=&#8221;4.16&#8243; _module_preset=&#8221;default&#8221; text_font_size=&#8221;15px&#8221; header_4_font_size=&#8221;20px&#8221; header_4_line_height=&#8221;1.5em&#8221; global_colors_info=&#8221;{}&#8221;]<\/p>\n<h4>My\u00f6s:<\/h4>\n<ul>\n<li>koneistuksen jigit, my\u00f6s 5-akseliseen koneistukseen<\/li>\n<li>robottileikkauksen jigit<\/li>\n<li>tuotannon ty\u00f6kalut<\/li>\n<li>protot, pikamallit<\/li>\n<li>muotit<\/li>\n<li>k\u00e4\u00e4nteissuunnittelu:<br \/>&#8211; skannauksen kautta 3D-mallin luonti<br \/>&#8211; vanhoista 2D-piirustuksista 3D-mallin luonti (varaosat ym)<\/li>\n<\/ul>\n<h4>Konsultointia:<\/h4>\n<ul>\n<li>tuotantoasiat, valmistusmenetelm\u00e4t<\/li>\n<li>laatuasiat<\/li>\n<li>strategia-asiat<\/li>\n<li>laitehankinnat<\/li>\n<\/ul>\n<p>[\/et_pb_text][\/et_pb_column][\/et_pb_row][et_pb_row _builder_version=&#8221;4.16&#8243; _module_preset=&#8221;default&#8221; global_colors_info=&#8221;{}&#8221;][et_pb_column type=&#8221;4_4&#8243; _builder_version=&#8221;4.16&#8243; _module_preset=&#8221;default&#8221; global_colors_info=&#8221;{}&#8221;][et_pb_nextend_smart_slider_3 slider=&#8221;6&#8243; _builder_version=&#8221;4.6.0&#8243; _module_preset=&#8221;default&#8221; global_colors_info=&#8221;{}&#8221;][\/et_pb_nextend_smart_slider_3][\/et_pb_column][\/et_pb_row][\/et_pb_section][et_pb_section fb_built=&#8221;1&#8243; module_id=&#8221;juhani&#8221; _builder_version=&#8221;4.16&#8243; _module_preset=&#8221;default&#8221; background_enable_color=&#8221;off&#8221; custom_margin=&#8221;||0px||false|false&#8221; custom_padding=&#8221;||0px||false|false&#8221; global_colors_info=&#8221;{}&#8221;][et_pb_row _builder_version=&#8221;4.16&#8243; _module_preset=&#8221;default&#8221; global_colors_info=&#8221;{}&#8221;][et_pb_column type=&#8221;4_4&#8243; _builder_version=&#8221;4.16&#8243; _module_preset=&#8221;default&#8221; global_colors_info=&#8221;{}&#8221;][et_pb_text _builder_version=&#8221;4.16&#8243; _module_preset=&#8221;default&#8221; header_font=&#8221;|700||on|||||&#8221; header_text_color=&#8221;#b51f29&#8243; header_font_size=&#8221;26px&#8221; global_colors_info=&#8221;{}&#8221;]<\/p>\n<h1>Juhani Jaakola<\/h1>\n<p>[\/et_pb_text][et_pb_divider color=&#8221;#c1c1c1&#8243; divider_weight=&#8221;6px&#8221; _builder_version=&#8221;4.16&#8243; _module_preset=&#8221;default&#8221; max_width=&#8221;50%&#8221; module_alignment=&#8221;left&#8221; height=&#8221;0px&#8221; global_colors_info=&#8221;{}&#8221;][\/et_pb_divider][et_pb_text admin_label=&#8221;Teksti&#8221; _builder_version=&#8221;4.16&#8243; _module_preset=&#8221;default&#8221; global_colors_info=&#8221;{}&#8221;]<\/p>\n<p>Olen tottunut tekem\u00e4\u00e4n t\u00f6it\u00e4, helppoja tai hankalia.\u00a0Asiakkaalle hyv\u00e4n lopputuloksen l\u00f6yt\u00e4minen ja kehitt\u00e4minen on keskeinen tavoitteeni.\u00a0Englanti taipuu sen verran, ett\u00e4 eik\u00f6h\u00e4n my\u00f6s sill\u00e4 yhteinen ajatus l\u00f6ydet\u00e4.<\/p>\n<p>Olen valmistunut Vaasasta s\u00e4hk\u00f6voimatekniikan insin\u00f6\u00f6riksi vuonna 1981.\u00a0Kokemusta on karttunut opetuspuolelta 7 vuotta ja lis\u00e4ksi s\u00e4hk\u00f6- ja konelaboratorioiden kehityksest\u00e4 10 vuotta, jolloin my\u00f6s 3D-suunnittelu alkoi vuonna 1991.<\/p>\n<p>Viimeiset 20 vuotta olen toiminut koneistuksen ja muotinvalmistuksen yksik\u00f6n monissa teht\u00e4viss\u00e4:<\/p>\n<ul>\n<li>osastop\u00e4\u00e4llikk\u00f6n\u00e4<\/li>\n<li>tuotannon k\u00e4ynnist\u00e4minen, laitehankinnat, menetelm\u00e4t<\/li>\n<li>henkil\u00f6st\u00f6n rekrytointi ja koulutus<\/li>\n<li>asiakasverkoston hankinta<\/li>\n<li>tietoj\u00e4rjestelm\u00e4n perustaminen<\/li>\n<li>laatuj\u00e4rjestelm\u00e4n luonti ja yll\u00e4pito, my\u00f6s sertifioinnit ja auditoinnit<\/li>\n<li>k\u00e4sitellyt tuhansia 3D-geometrioita monilta eri aihealueilta: impellerit, pumput, lentokoneen osat, erilaiset muotit, valuosat ja -muotit, lestit, keng\u00e4npohjat, erilaiset muut osat<\/li>\n<li>suunnitellut kappaleille kiinnityksi\u00e4, valmistusmenetelmi\u00e4<\/li>\n<li>3D-mittaukset, my\u00f6s geometriaa vasten<\/li>\n<\/ul>\n<p>[\/et_pb_text][et_pb_image src=&#8221;https:\/\/www.3djaakola.fi\/wp-content\/uploads\/2020\/10\/juhani_jaakola.jpg&#8221; title_text=&#8221;juhani_jaakola&#8221; admin_label=&#8221;Kuva&#8221; _builder_version=&#8221;4.16&#8243; _module_preset=&#8221;default&#8221; custom_margin=&#8221;||0px||false|false&#8221; custom_padding=&#8221;||0px||false|false&#8221; global_colors_info=&#8221;{}&#8221;][\/et_pb_image][\/et_pb_column][\/et_pb_row][\/et_pb_section]<\/p>\n","protected":false},"excerpt":{"rendered":"<p>3D-SUUNNITTELU JAAKOLAJoustavaa 3D-suunnittelupalvelua sek\u00e4 tuotteen ja tuotannon kehityspalveluja pitk\u00e4ll\u00e4 ja monipuolisella kokemuksella. &nbsp; Tyypillisi\u00e4 t\u00f6it\u00e4 ovat esim. tuotekehitys, protot, erilaiset muotit, ty\u00f6v\u00e4lineet ja tuotannon jigit K\u00e4yt\u00f6ss\u00e4 on Power Shape Premium -3D-ohjelmisto, jolla on mahdollista k\u00e4sitell\u00e4 my\u00f6s kaksoiskaarevia muotoja ja hankalia geometrioita. Tyypillisesti geometrioita on siirretty STP-formaatissa, mutta my\u00f6s muita on mahdollista k\u00e4ytt\u00e4\u00e4. Ohjelmisto on tehokkaassa [&hellip;]<\/p>\n","protected":false},"author":1,"featured_media":0,"parent":0,"menu_order":0,"comment_status":"closed","ping_status":"closed","template":"","meta":{"_et_pb_use_builder":"on","_et_pb_old_content":"","_et_gb_content_width":"","footnotes":""},"class_list":["post-17","page","type-page","status-publish","hentry"],"aioseo_notices":[],"_links":{"self":[{"href":"https:\/\/www.3djaakola.fi\/index.php\/wp-json\/wp\/v2\/pages\/17","targetHints":{"allow":["GET"]}}],"collection":[{"href":"https:\/\/www.3djaakola.fi\/index.php\/wp-json\/wp\/v2\/pages"}],"about":[{"href":"https:\/\/www.3djaakola.fi\/index.php\/wp-json\/wp\/v2\/types\/page"}],"author":[{"embeddable":true,"href":"https:\/\/www.3djaakola.fi\/index.php\/wp-json\/wp\/v2\/users\/1"}],"replies":[{"embeddable":true,"href":"https:\/\/www.3djaakola.fi\/index.php\/wp-json\/wp\/v2\/comments?post=17"}],"version-history":[{"count":2,"href":"https:\/\/www.3djaakola.fi\/index.php\/wp-json\/wp\/v2\/pages\/17\/revisions"}],"predecessor-version":[{"id":747,"href":"https:\/\/www.3djaakola.fi\/index.php\/wp-json\/wp\/v2\/pages\/17\/revisions\/747"}],"wp:attachment":[{"href":"https:\/\/www.3djaakola.fi\/index.php\/wp-json\/wp\/v2\/media?parent=17"}],"curies":[{"name":"wp","href":"https:\/\/api.w.org\/{rel}","templated":true}]}}